
Suppose 15*b - 18036 = 4659. List the prime factors of b.
17, 89
Let s(z) = 37*z**3 - 3 - 5*z**2 - 8*z**3 + 4*z - 28*z**3. Suppose 4*t = -4*j - 0*t + 20, -j - 2*t = -4. List the prime factors of s(j).
3, 19
Let j(l) = -6*l**3 - 12*l**2 - 26*l + 8. What are the prime factors of j(-5)?
2, 3, 7
Let h(r) = -r**3 + r + 2. Let b be h(-2). Suppose -4*j - 3*x + 4*x = -275, x = 5. Suppose b*l - j = 7*l. List the prime factors of l.
2, 5, 7
Let f be (-9310)/(-84) - (-1)/6. Let g = 169 - f. List the prime factors of g.
2, 29
Let g = 4 - 0. Suppose -z = -0*z - 2. Suppose -z*t = -10 - g. List the prime factors of t.
7
Let h = -23 - -26. Suppose -h*d + 112 + 56 = 0. What are the prime factors of d?
2, 7
Suppose 0*d + 320 = v + 5*d, -2*d = -v + 334. List the prime factors of v.
2, 3, 5, 11
Suppose -2*v + 10 = -0. Suppose 2*o - v*o = -9. Suppose -o*c + 17 = -16. List the prime factors of c.
11
Let x = 473 + 71. What are the prime factors of x?
2, 17
Suppose -15*t + 11*t = -168. Suppose -t = 10*z - 11*z. Suppose 2*q + 0*q = z. List the prime factors of q.
3, 7
Let d = 521 - -1753. List the prime factors of d.
2, 3, 379
Let q(o) = -o**3 - 4*o**2 + 26*o - 1. What are the prime factors of q(-8)?
47
Let p(v) = -10*v - 1 + 2 + 6. List the prime factors of p(-5).
3, 19
Let p = -39 + 44. Suppose -159 = -i + 3*c, -3*c + 384 = p*i - 375. List the prime factors of i.
3, 17
Suppose -960 = -5*b - 5*i, i = 7*b - 2*b - 972. Suppose 4*c - b = 2*o, 5*c - o - 191 = c. List the prime factors of c.
47
Let s be 2/2*(-3 + 4). Let k be 2*10/(-16) + (-19635)/(-220). List the prime factors of k/10 + s/5.
3
Let y(w) = 7*w**3 - w + 3*w**2 - 4 + 1 - 6*w**3. Let i be y(-3). Suppose i = 4*l - 47 - 97. List the prime factors of l.
2, 3
Suppose r - 6*i = -4*i + 604, -2*r + 1235 = 5*i. What are the prime factors of r?
2, 5, 61
Suppose 0 = i - l - 40, 42 - 8 = i - 4*l. Suppose s + 121 - 136 = 0. Suppose 3*n + s = i. What are the prime factors of n?
3
Let a(l) be the first derivative of -l**4/4 + 7*l**3/3 - 3*l**2/2 - 4*l + 8. Let s(u) = -u + 1. Let n(m) = a(m) - 4*s(m). List the prime factors of n(6).
2, 17
Let z(i) = -i**3 + 63*i**2 - 25*i - 147. What are the prime factors of z(62)?
19, 113
List the prime factors of ((-654)/(-15))/(70/5425).
31, 109
List the prime factors of (-4)/14 + 2 + 5896/56.
107
Suppose t = 8*t + 2240. Let x = -221 - t. What are the prime factors of x?
3, 11
Suppose -5*c - 7*g + 3*g + 74 = 0, -4*g = -3*c + 70. List the prime factors of c.
2, 3
Let c(q) = 5*q + 8. Let p be c(11). Suppose 2*v - p = -5*w, -3*v + 89 = -w + 3*w. Suppose -12 = -u + v. What are the prime factors of u?
41
Suppose 2*p - 72 - 2 = 0. Suppose p = 2*z + z + 4*d, 2*z + 3*d - 25 = 0. List the prime factors of z.
11
Let b = 106 + 203. Suppose 4*a = w + 6*a - 103, -b = -3*w + 5*a. What are the prime factors of w?
103
Let u(q) = q + 1. Let h(z) = 7*z - 34. Let x(p) = -h(p) + 6*u(p). What are the prime factors of x(8)?
2
Suppose -2259 = -3*r - 2*t, 2*r + r = 5*t + 2259. List the prime factors of r.
3, 251
Suppose 46*q + 383 - 26971 = 0. List the prime factors of q.
2, 17
Suppose -l = -4*l + 291. Let b = l - 78. List the prime factors of b.
19
Let g = -202 - -365. What are the prime factors of g?
163
Suppose p = -3*n + 99, -2*n + 27 = 4*p - 39. Suppose 38*r - n*r = 580. What are the prime factors of r?
2, 29
Let k = 121 + -207. Let g = k + 187. What are the prime factors of g?
101
Suppose 16 = -32*o + 28*o. Let c = 1 + -3. List the prime factors of -2*(o - 1/c).
7
Suppose -10300 = -11*a + 4110. List the prime factors of a.
2, 5, 131
Suppose 3*q - 32 = -q. Let j(z) = -2*z - 2 + 3*z - q*z + 2*z**2 - 2*z. What are the prime factors of j(7)?
3, 11
Let b be (-18)/(-9)*2/(-4). Let u = 2 + b. What are the prime factors of u/5 + 518/35?
3, 5
Suppose -10*g + 2187 = -2043. What are the prime factors of g?
3, 47
Suppose 4*r = 921 + 4491. List the prime factors of r.
3, 11, 41
Let n(b) = -b**2 - 9*b + 10. Let f be n(-11). Let c = f + 12. Suppose -101 - 3 = -4*p - 2*u, 5*p - 4*u - 130 = c. List the prime factors of p.
2, 13
Let v(f) = -f**3 + 13*f**2 + 14*f - 21. List the prime factors of v(11).
3, 5
Suppose 4*g + g + c = 2836, -3*g + 1700 = -c. List the prime factors of g.
3, 7
Let u = -191 - -179. Let p(b) = -5*b**3 - 4*b**2 - 3*b - 2. Let q be p(-2). Let t = q + u. List the prime factors of t.
2
Suppose 2*y + 3*i = 80 + 90, -5*i = -2*y + 202. List the prime factors of y.
7, 13
Let p be (-7)/(-21) - (-94)/6. Let r(w) = 55*w + 1. Let t be r(1). Let a = t - p. List the prime factors of a.
2, 5
Suppose -21*o = -26*o + 10. Suppose z + o*j = -0*z + 252, -2*j = -5*z + 1200. What are the prime factors of z?
2, 11
Let p = 344 - 737. Let q = p - -674. What are the prime factors of q?
281
Let m(c) = 2*c**2 + 3*c + 1. Let f = 3 + 9. Let l be 4/(f/(-9)) + -2. What are the prime factors of m(l)?
2, 3
Suppose -5*i = -2*l + 35, 3*l - 4*l + 25 = -4*i. Suppose 0 = t - 3*t - l*c + 247, -4*c = 12. List the prime factors of t.
131
List the prime factors of 854958/273 - (0 - 4/14).
2, 3, 29
Let n be (1/2 - 0)/(3/102). What are the prime factors of -21 + n - (-181 - 2/(-1))?
5, 7
Let l be -47*(-4 - -2) - 2. Suppose -5*z = -18 - l. What are the prime factors of z?
2, 11
Let d(i) = -3*i - 18. Let y be d(-13). Let c be (0 - 2)/(1 + 0). Let m = y + c. What are the prime factors of m?
19
Suppose 4 = -m + 1. Let a be 0*(-1 - m - 3). Let j = 19 - a. What are the prime factors of j?
19
Suppose -11*g = 7 + 4. List the prime factors of (0 - (-3 - g)) + 111.
113
Suppose 3*v = 2*v + u + 288, 0 = -4*v - 4*u + 1176. What are the prime factors of v?
3, 97
Let m = -12 - -21. Suppose -2*n - 47 + m = 0. Let t = 45 + n. List the prime factors of t.
2, 13
What are the prime factors of (-10)/15*-5682*(-3)/(-12)?
947
Let t(l) = 18*l**2 - 2*l + 1. Let h = 16 - 72. Let m be (4/(-7))/((-16)/h). List the prime factors of t(m).
7, 11
Suppose -4*v + 18 = 2*w, w + 2*v = -2*w + 15. Let y(r) = -8*r. Let h(n) = 1. Let c(i) = h(i) - y(i). What are the prime factors of c(w)?
5
Let p(j) = -j**3 - 12*j**2 + 13*j + 1. Suppose 2*v + k = 3*k - 24, -5*k = -3*v - 34. Let r be p(v). Suppose -h + r + 2 = 0. What are the prime factors of h?
3
Let u = 3315 + -2186. What are the prime factors of u?
1129
Suppose t = 3*s - 18, -s + 3*s + 5*t = -5. Suppose -2*r = 4 - 8. Suppose j + r = s. List the prime factors of j.
3
Suppose 3*i + m - 10 = i, -4*i = m - 16. Suppose 4*r + 10 = -h, i*r - 2 = 5*r. List the prime factors of 40/h*60/(-25).
2
Suppose -5 = -2*j + 5*z + 1837, -4*j + 3*z = -3670. What are the prime factors of j?
2, 229
Suppose -22*x = -3394 - 9564. What are the prime factors of x?
19, 31
What are the prime factors of -778*(-2 - 5) - 270/54?
5441
Suppose -j + 5*q = -31 - 62, 3*q - 9 = 0. Let y be (-2)/(-8) + (-7)/(-4). Suppose 4*a - d - j = -y*d, 5*d = 2*a - 32. List the prime factors of a.
2, 13
Suppose 0*y + 5*y + a - 17 = 0, a - 2 = 0. Suppose y*g - 101 - 367 = 0. What are the prime factors of g?
2, 3, 13
Let t(r) = -r**2 - 6*r - 4. Let v be t(-2). Suppose 0 = -2*q - 6 + v. What are the prime factors of (-44)/((-2)/1) + q?
3, 7
Suppose d - 24*d = -437. What are the prime factors of d?
19
Let b = -104 - -665. List the prime factors of b.
3, 11, 17
Let k = -14 - -5. Let t(d) = d**2 - 13*d + 8. Let v(y) = y**2 - y. Let p(z) = t(z) - 2*v(z). What are the prime factors of p(k)?
2, 13
List the prime factors of (48451/143 - (-2)/11) + 1.
2, 5, 17
Let v(q) = -3*q**2 + q. Let b be v(2). Let f be (-1)/2 + (-1045)/b. Suppose 5*i + 53 = t, -24 = t + 4*i - f. List the prime factors of t.
2, 17
List the prime factors of (9430/(-4))/(-1) + 485/194.
2, 5, 59
Suppose k = 4*a + 654, 5*k + a + 722 = 4034. What are the prime factors of k?
2, 331
Suppose 4*n + 190 = 2*y, -13*y + 12*y - 3*n = -90. List the prime factors of y.
3, 31
Let s be (-2)/((45/10)/(-9)). Let n = 4 - s. Suppose 4*z - 190 = -5*h, 5*h - h + 4*z - 156 = n. List the prime factors of h.
2, 17
Let w(x) = -12*x + 2. Let z(d) = 12*d - 1. Let r(f) = 2*w(f) + 3*z(f). Let u = -2 + 4. What are the prime factors of r(u)?
5
What are the prime factors of (88/(-5))/(14/(-1050))?
2, 3, 5, 11
Let z be (1 + 5)/(9/6). Let n be -4*1/2 + z. What are the prime factors of (-184)/(-16)*n/1?
23
Suppose 0 = -k - 4*k - 75. List the prime factor